)/t. Suppose s + 7 + 1 = 2*x, -20 = -5*x + c*s. Let m(v) = 3*v - 5. Calculate m(x).
7
Let s(p) = -29*p. Let l(v) = 13*v. Let h(t) = -9*l(t) - 4*s(t). Determine h(6).
-6
Suppose -5 = -3*m + 5*n + 21, -2*m = 5*n + 16. Let z(a) = 5*a**2 + 10*a**2 - 5*a**m. Give z(1).
10
Let d(u) = 4*u - 13. Let p(w) = 9*w - 26. Let c(z) = 7*d(z) - 3*p(z). Let g be -1*10/30 - (-1)/((-6)/(-50)). Calculate c(g).
-5
Let g(l) = 11 - 2*l**2 - l**2 - 7*l + 15*l**2 - 13*l**2. Give g(-9).
-7
Let k(c) = -8*c. Let x be (18/(-4))/(7/(-28)). Let w = -13 + x. Suppose -5 = w*z - 10. Determine k(z).
-8
Suppose 5*h = 15 - 5. Let w(z) = 23 + h*z**2 - 2*z + z**3 + 3*z**2 - 27. What is w(-5)?
6
Let r be ((-10)/(-3))/(2*(-4)/(-12)). Suppose -20 = 4*h, -4*v - 4*h - 11 = -r*v. Let w(q) = -q**2 - 9*q + 3. Give w(v).
3
Let t(o) = 122 - 4*o - 123 + 8*o - o. Suppose 3*w = 3*n + 12, -7 = -3*w - 2*n - 0*n. Let k = w + -1. What is t(k)?
5
Let n = 120 - 53. Suppose 3 = 10*y - n. Let w(h) = h**3 - 6*h**2 - 7*h + 2. Calculate w(y).
2
Let x(k) = -3*k + 14. Let d(i) = -2*i + 9. Suppose -a - 3*a = 2*o + 18, -a + 23 = -5*o. Let z(p) = o*x(p) + 8*d(p). What is z(-6)?
8
Let q(p) = 2*p + 284*p**2 - 282*p**2 + 4 - 20. Calculate q(3).
8
Let u(o) = o - 5. Suppose -13*t = -16*t - q - 40, 0 = 4*t + 3*q + 55. Calculate u(t).
-18
Let j = 110 + -108. Let b(g) = 2319 - 5*g - 2*g - g**j - 2319. Give b(-8).
-8
Suppose 3*s + 0*j = j - 31, -5*s + 3*j - 53 = 0. Let k be s/(-35) + (-12)/(-7). Let o(z) = -5*z**2 - z**3 + 0*z + 1 + k*z - 3*z. Determine o(-5).
6
Let k(m) = 7*m - 2. Let f(u) = -6*u + 3. Let x(q) = 4*f(q) + 3*k(q). Let i be (3 + -5 + 2)/1. Suppose h + i*h - 3*r - 4 = 0, -3*r = -2*h + 8. What is x(h)?
-6
Let c(m) = 29*m**2 - 25*m**2 - 2*m + m**3 + 5 - 5. Suppose -4 = 8*d - 7*d. What is c(d)?
8
Suppose -m - 5*d + d = -5, -48 = 4*m - d. Let t(i) = i**3 + 12*i**2 + 12*i - 15. Give t(m).
-26
Let s(w) be the third derivative of w**4/24 + w**3/6 + 35*w**2. Suppose p = 5*p - 12. Let k be p/3 + (-7)/1. Give s(k).
-5
Let a(b) = b**2 - b - 8. Let f(z) = -3*z**2 + z + 23. Let q(h) = -11*a(h) - 4*f(h). Let s(g) = -2*g**2 + g - 2. Let v be s(2). Calculate q(v).
4
Let x(j) = -j**2 - 6*j - 5. Let i be x(-2). Let w(p) = -44*p + 10 - 3*p**2 + 22*p + p**3 + 20*p - 11. What is w(i)?
-7
Let s(h) = -10*h**3 - 21*h**2 + 9*h + 34. Let m(y) = -7*y**3 - 14*y**2 + 6*y + 23. Let t(p) = -7*m(p) + 5*s(p). What is t(-7)?
-12
Let v(k) = -10*k + 2. Let r(j) = 9*j - 2. Let s(c) = -7*r(c) - 6*v(c). Suppose 3*y + 3*l = -0*y - 6, -2*y - 1 = 5*l. Determine s(y).
11
Let l(f) = 8*f**2 - f**2 + 7*f - 6*f**2 + 0*f**2 + 1. Let n be 1 - -8*(0 - 1). Determine l(n).
1
Let j(p) = -2*p**2 - p. Suppose 5*w = 20 - 0. Suppose 0 = -w*z - 20, -2*c + 24 = -3*c - 5*z. What is j(c)?
-3
Let w(b) be the second derivative of 3/2*b**2 + 1/3*b**3 + 0 - 1/4*b**4 + 7*b - 1/20*b**5. Calculate w(-4).
11
Suppose 5*i + 18 - 13 = 0. Let r(g) be the third derivative of 13*g**4/24 + g**3/6 + g**2. Determine r(i).
-12
Let b(d) = 25*d**3 + 22*d**2 - 18*d + 32. Let t(q) = -17*q**3 - 21*q**2 + 18*q - 32. Let l(k) = 2*b(k) + 3*t(k). What is l(-20)?
8
Let z = -4 + 7. Let y(c) = -3*c - 2 - c + z*c. Determine y(-2).
0
Let s(a) = -a**3 + 4*a**2 + 3*a - 7. Suppose -3*w - 7 + 19 = 0. Give s(w).
5
Let a(g) = 8*g**2 + g. Suppose -2*q + q = -4*v + 6, v = -4*q - 7. Suppose v = 8*z - 9*z. Determine a(z).
7
Let j(t) = -2 - 35644*t + 35645*t + 2. Give j(-5).
-5
Let x be -5*4/8*(-5 + 3). Let y(g) = -g**3 + 3*g**2 + 2*g + 10. Calculate y(x).
-30
Suppose -3*u = c - 7, 5 - 7 = -2*u. Suppose c*b - 2 = 3*b. Let n(j) = j + j - b*j + j. Give n(2).
2
Let s = 11 + -2. Let i = 11 - s. Let n(c) = -i + 4*c + c**2 - 3 - 3*c. Give n(-4).
7
Suppose 2*q = -f - 14, -5*f + 2*f - 10 = 2*q. Let b(l) = -9*l - 2. Let c(h) = 26*h + 6. Let d(a) = q*b(a) - 3*c(a). What is d(-2)?
10
Let m be (4 + -2)*5/2. Let a(q) be the first derivative of -q**5/60 + 7*q**4/24 - q**3 + 4*q**2 - 7. Let j(k) be the second derivative of a(k). Give j(m).
4
Let l(i) = 64*i + 189. Let b be l(-3). Let k(v) = -v**3 + 6*v. Calculate k(b).
9
Let o(z) = -45*z**2 - z**3 + 2 + 4*z + 55*z**2 - 5*z**2. Give o(5).
22
Let m(w) = w**3 - w - 1. Let p(g) = 3*g**3 + 16*g**2 - 2*g - 12. Let f(q) = -2*m(q) + p(q). Calculate f(-16).
-10
Let t = -1440 - -1442. Let x(p) = -7*p**2 + 2*p - 3. What is x(t)?
-27
Suppose -55*g + 53*g = 0. Let d(c) = c + 13. Give d(g).
13
Let y(v) = -4*v**2 + 69*v - 16. Let o(w) = w**3 - 5*w**2 - 3*w - 1. Let z be o(6). Calculate y(z).
1
Suppose 5*f = 0, 3*f + 24 = -4*i + 8. Let w(u) = u**2 + u - 1. What is w(i)?
11
Let y(o) = 5*o + 118. Let r be y(-23). Let m(i) = 7*i**3 + 3*i**2 + 3*i - 3. Let p(h) = -8*h**3 - 4*h**2 - 4*h + 4. Let q(w) = -7*m(w) - 6*p(w). Give q(r).
6
Let m = 27 + -31. Let y(a) = a**2 - a - 1. Let r(o) = 3*o**2 + 5*o + 3. Let x(j) = -r(j) + 2*y(j). Calculate x(m).
7
Let v be -3 - -7 - 2/2. Let w(x) be the first derivative of -2*x + 3 + 3/2*x**2. What is w(v)?
7
Let m(n) be the second derivative of -n**4/3 - n**3/3 + n**2/2 + 487*n. Let a = -7 - -5. Give m(a).
-11
Let a(b) be the third derivative of 0 - 1/60*b**5 - 7/6*b**3 - 13*b**2 - 1/4*b**4 + 0*b. Calculate a(-5).
-2
Suppose 0 = -3*s + 5*s + 5*s. Let y(a) be the third derivative of 0*a - 1/24*a**4 + 1/2*a**3 + 2*a**2 + 0 - 1/60*a**5. Calculate y(s).
3
Let o(i) be the second derivative of -i**4/12 - 13*i**3/6 - 3*i**2 - 14*i + 1. Give o(-12).
6
Let y = -543 + 554. Let q(c) = -c + 6. Calculate q(y).
-5
Suppose 4*q = 1 + 47. Let m(g) = q*g + 19*g - 30*g - g**2 + 1 - 11*g**3. What is m(-1)?
10
Suppose -36*k = -113*k - 231. Let h(a) = -2*a**2 - 3*a + 2. Give h(k).
-7
Let c(t) be the third derivative of t**5/60 + t**4/24 + t**3/3 - 18*t**2 - 4. What is c(-4)?
14
Suppose 0 = l + l - 8. Let h(s) be the second derivative of -3/2*s**2 - 1/6*s**3 - 12*s + 0. Determine h(l).
-7
Let d(p) be the first derivative of -p**4/12 - p**3 + p**2/2 + 38*p + 24. Let i(a) be the first derivative of d(a). Calculate i(-7).
-6
Suppose 0 = -3*f + 15, -2*c + 3*f = 16 + 5. Let b(s) = -s**3 - 6*s**2 - 3*s - 3. What is b(c)?
-21
Let q(b) = -2*b**3 + 15*b**2 + 6*b + 14. Let r be q(8). Let t(h) = h**2 - h - 3. What is t(r)?
3
Let j(l) = l**3 + 7*l**2 + 5*l - 2. Let m be j(-6). Let a(s) be the third derivative of -s**5/60 + 5*s**4/24 + s**3/2 - 146*s**2. Calculate a(m).
7
Let z(o) = o**3 + 15*o**2 + 37*o + 22. Let u be z(-12). Let h(a) = -8*a + 84. Determine h(u).
4
Let a(r) be the first derivative of -r**2 - 4*r + 88. Give a(6).
-16
Let s(a) = a**3 - 3*a**2 - 2*a + 6. Let o be s(3). Let d = 1 + o. Let t(m) = -4*m + 20 - 39 + 18. Calculate t(d).
-5
Suppose -3*b + 5*c = -7*b + 1, -2*b + 11 = -c. Let m(h) = 0*h**3 - 2*h**2 - h**3 + 10 - b + 7*h. Let x(a) = 11*a + 51. Let u be x(-5). Calculate m(u).
10
Let c be (-320)/(-18) - (-22)/99. Suppose -3*v - u + 22 = u, -c = -4*v + 3*u. Let r(p) = p**3 - 5*p**2 - 6*p - 6. What is r(v)?
-6
Let u(p) = -p**3 - 4*p**2 + p + 4. Let b be u(-4). Suppose b = r + 3*r - 12. Suppose w = -3*a - 12, 6*w - r*a = 3*w + 12. Let s(l) = -l + 11. Determine s(w).
11
Suppose -u + 6 - 3 = 0. Let p(b) = b - b**2 + 2*b**2 + 15 + 2*b**3 - 4*b**3 + 3*b**u. What is p(0)?
15
Let z(b) = -4*b + 9. Let u(q) = q - 1. Let t(o) = 3*u(o) + z(o). Let y = 2397 + -2391. Determine t(y).
0
Let y(b) = -4*b + 42 - 43 - 6*b. What is y(-2)?
19
Suppose 59*j + 20 = 63*j, -2*b + j = -1. Let w(i) be the third derivative of 5*i**2 + 1/60*i**5 - 1/6*i**4 + 0 - 1/2*i**b + 0*i. Determine w(3).
-6
Let j(s) = -s**2 - 2*s - 2. Suppose -14 = -2*c - 4*i + i, 4 = -c + 4*i. Let o be (c + (-3 - 0))/(-1). Let l be 3*(15/(-9) - o). What is j(l)?
-2
Let z = 9 + -4. Suppose z*o + n - 21 = -4, n = -4*o + 13. Let c(r) = o*r + 2*r - 3*r. Determine c(-1).
-3
Let m(b) = -8*b - 8. Let l = 973 + -968. Determine m(l).
-48
Let v(i) be the third derivative of -i**6/15 - i**5/30 + i**4/8 - i**3/3 + 6*i**2 - 27*i. Calculate v(1).
-9
Suppose -5*q = -2*q + 3. Let n be (-6)/5*((0 - 6) + 1). Let v(b) = -n*b - 16 + 0*b - 8 + 23. Calculate v(q).
5
Suppose 3*u = 4*n + 10, 9 = -4*n - 3*u - 13. Suppose -2*t - d + 6 = 0, 3*t = 2*t - 5*d + 12. Let w(m) = 5*m + m - 2*m + m**t - 2. What is w(n)?
-2
Let k(p) = -8*p + 114. Let a(l) = -4*l + 50. Let v(w) = -9*a(w) + 4*k(w). Let o be (-33)/6 - (-2)/(-4). Give v(o).
-18
Let p(z) = z + 4. Let 